{"id":5,"date":"2014-10-31T22:54:19","date_gmt":"2014-10-31T21:54:19","guid":{"rendered":"http:\/\/www.red-onion-jazzband.de\/?page_id=5"},"modified":"2025-06-27T12:47:32","modified_gmt":"2025-06-27T11:47:32","slug":"willkommen","status":"publish","type":"page","link":"https:\/\/red-onion-jazzband.de\/","title":{"rendered":"Willkommen"},"content":{"rendered":"\n<div class=\"wp-block-media-text is-stacked-on-mobile\"><figure class=\"wp-block-media-text__media\"><img loading=\"lazy\" decoding=\"async\" width=\"705\" height=\"1024\" src=\"https:\/\/red-onion-jazzband.de\/wp-content\/uploads\/2025\/06\/aaeac4af-c50a-441b-a86b-47e587e93af2-705x1024.jpg\" alt=\"\" class=\"wp-image-3650 size-full\" srcset=\"https:\/\/red-onion-jazzband.de\/wp-content\/uploads\/2025\/06\/aaeac4af-c50a-441b-a86b-47e587e93af2-705x1024.jpg 705w, https:\/\/red-onion-jazzband.de\/wp-content\/uploads\/2025\/06\/aaeac4af-c50a-441b-a86b-47e587e93af2-207x300.jpg 207w, https:\/\/red-onion-jazzband.de\/wp-content\/uploads\/2025\/06\/aaeac4af-c50a-441b-a86b-47e587e93af2-768x1115.jpg 768w, https:\/\/red-onion-jazzband.de\/wp-content\/uploads\/2025\/06\/aaeac4af-c50a-441b-a86b-47e587e93af2-1058x1536.jpg 1058w, https:\/\/red-onion-jazzband.de\/wp-content\/uploads\/2025\/06\/aaeac4af-c50a-441b-a86b-47e587e93af2.jpg 1072w\" sizes=\"auto, (max-width: 705px) 100vw, 705px\" \/><\/figure><div class=\"wp-block-media-text__content\">\n<p><strong><mark style=\"background-color:rgba(0, 0, 0, 0)\" class=\"has-inline-color has-white-color\">Nach bis zu 40 Jahren gemeinsamen Musizierens bleiben Banjo und Gitarre nun stumm.<br><br>Mit schwerem Herzen m\u00fcssen wir uns von unserem langj\u00e4hrigen Freund, Bandleader und -gr\u00fcnder <br><br>Volkmar Tr\u00fcb<br><br>verabschieden.<br><br>Volkmar ist am Montag den 23.06.2025 nach kurzer, schwerer Krankheit unerwartet schnell verstorben.<br><br>In tiefer Trauer,<br><br>die Red Onions<\/mark><\/strong><\/p>\n<\/div><\/div>\n\n\n<h3 style=\"text-align: center;\">Willkommen auf der Homepage der Red Onion Jazzband<br \/>\n(seit 2017: <strong>Red Onion Hot Jazz<\/strong>)<br \/>\naus K\u00f6ln.<\/h3>\n<h4 style=\"text-align: justify;\">K\u00f6ln: Das ist so nicht ganz richtig, denn die Musiker der Band kommen eigentlich aus ganz Nordrhein- Westfalen und auch aus Rheinland Pfalz. Da wir nun aber mal in K\u00f6ln proben, bleibt es eben bei der Domstadt. Was uns eint, ist die Liebe zum klassischen Jazz der 20er Jahre! Den bringen wir authentisch auf die B\u00fchne! Genie\u00dfen Sie Musiktitel, die sonst gar nicht oder nur sehr selten gespielt werden. Musikbeispiele gibt es \u00fcber die Links zu YouTube.<\/h4>\n<h5 style=\"text-align: justify;\">Nehmen Sie sich etwas Zeit, und schauen Sie sich die einzelnen Seiten unserer Website an, lernen Sie Red Onion Hot Jazz und die Musiker und die Musik, die sie spielen, kennen.<\/h5>\n<h5 style=\"text-align: justify;\">Wenn Sie diese Art der Musik lieben und sie auf Ihrer B\u00fchne gespielt haben m\u00f6chten, dann nehmen Sie Kontakt mit uns auf. Damit Sie nicht &#8222;die Katze im Sack&#8220; einkaufen m\u00fcssen, senden wir Ihnen gerne eine unserer CDs zu; schicken Sie uns einfach eine Mail mit der Lieferadresse.<\/h5>\n<h5 style=\"text-align: justify;\">Die Details \u00fcber Red Onion Hot Jazz finden Sie auf dieser Website!<\/h5>\n<h4 style=\"text-align: justify;\"><strong> Just Keep Swinging and enjoy Red Onion Hot Jazz at\u00a0its best!!<\/strong><\/h4>","protected":false},"excerpt":{"rendered":"<p>Nach bis zu 40 Jahren gemeinsamen Musizierens bleiben Banjo und Gitarre nun stumm. Mit schwerem Herzen m\u00fcssen wir uns von unserem langj\u00e4hrigen Freund, Bandleader und -gr\u00fcnder Volkmar Tr\u00fcb verabschieden. Volkmar<a href=\"https:\/\/red-onion-jazzband.de\/\" class=\"more-link\"><span class=\"readmore\">Continue reading<span class=\"screen-reader-text\">Willkommen<\/span><\/span><\/a><\/p>\n","protected":false},"author":8,"featured_media":0,"parent":0,"menu_order":1,"comment_status":"open","ping_status":"closed","template":"","meta":{"footnotes":""},"class_list":["post-5","page","type-page","status-publish","hentry"],"_links":{"self":[{"href":"https:\/\/red-onion-jazzband.de\/index.php?rest_route=\/wp\/v2\/pages\/5","targetHints":{"allow":["GET"]}}],"collection":[{"href":"https:\/\/red-onion-jazzband.de\/index.php?rest_route=\/wp\/v2\/pages"}],"about":[{"href":"https:\/\/red-onion-jazzband.de\/index.php?rest_route=\/wp\/v2\/types\/page"}],"author":[{"embeddable":true,"href":"https:\/\/red-onion-jazzband.de\/index.php?rest_route=\/wp\/v2\/users\/8"}],"replies":[{"embeddable":true,"href":"https:\/\/red-onion-jazzband.de\/index.php?rest_route=%2Fwp%2Fv2%2Fcomments&post=5"}],"version-history":[{"count":23,"href":"https:\/\/red-onion-jazzband.de\/index.php?rest_route=\/wp\/v2\/pages\/5\/revisions"}],"predecessor-version":[{"id":3657,"href":"https:\/\/red-onion-jazzband.de\/index.php?rest_route=\/wp\/v2\/pages\/5\/revisions\/3657"}],"wp:attachment":[{"href":"https:\/\/red-onion-jazzband.de\/index.php?rest_route=%2Fwp%2Fv2%2Fmedia&parent=5"}],"curies":[{"name":"wp","href":"https:\/\/api.w.org\/{rel}","templated":true}]}}